= -4*i**2 - 43*i - 25. Let v be q(-10). Suppose -3*o + 19 - 13 = 0, -3*t = v*o - 22. What is the remainder when 103 is divided by t?
3
Suppose -120*q + 13324 + 42889 + 18667 = 0. Calculate the remainder when q is divided by 97.
42
Suppose 0 = 43*z + 3*z - 534 - 3606. What is the remainder when 356 is divided by z?
86
Calculate the remainder when 4/(-6)*(11 - -1)*(3 - 93) is divided by 278.
164
Suppose 2*a + 3*o - 68 = 0, 34 = -2*a - 4*o + 106. Let m be (-4)/(-6)*156/130*160. Let x = m - 19. Calculate the remainder when x is divided by a.
25
Let f(a) = 2*a**2 + 4*a - 48. Let q be f(-14). Suppose 13*t - 401 = q. Calculate the remainder when 369 is divided by t.
51
Suppose 0 = -12*s + 2*s + 58*s - 8064. Calculate the remainder when 5707 is divided by s.
163
Let w(h) = -16*h + 290. What is the remainder when 450 is divided by w(11)?
108
Let w(x) = -57*x + 258. What is the remainder when 1325 is divided by w(4)?
5
Let n(l) = -10*l**3 + l**2 + l - 1. Suppose 150 = 3*z + 2*z. Suppose -4*f - z = -5*f. What is the remainder when f is divided by n(-1)?
3
Suppose 4*c - 26 = -2*j, 0 = 4*j - 3*j - 3*c - 33. Suppose 0 = 2*z + 3 + 1. Calculate the remainder when j is divided by 0 - -1 - (z - 5).
5
Let v(r) be the third derivative of r**4/12 - 19*r**3/3 - 47*r**2 - 2*r. What is the remainder when 111 is divided by v(37)?
3
What is the remainder when 1 + (-6399)/(-5) + 89/445 + 2 is divided by 19?
10
Suppose -d - 28 = b - 2*b, -2*d = -5*b + 47. Let h = 45 - d. Let y = h - 67. What is the remainder when y is divided by 4?
1
Let x(g) = 2*g**2 - 14*g + 5. Let u be x(7). Suppose -8 + 13 = u*r. Let k(n) = 9*n**3 - 3*n + 4. What is the remainder when 29 is divided by k(r)?
9
Suppose 0 = -5*h + 2*k + 24314, 54*k + 9718 = 2*h + 57*k. Calculate the remainder when h is divided by 32.
30
Let u be 80*2/((-8)/(-6)). Suppose 5*o - u = o. Suppose -6 = 2*i, 21*y = 16*y - 5*i + 20. What is the remainder when o is divided by y?
2
What is the remainder when ((-56706)/494)/((-1)/19) is divided by 11?
3
Let l be (1 - 4)/(-3) + 75. Let z be (-25)/3*(-6)/1. Suppose -7*n + z = -l. What is the remainder when n is divided by 13?
5
Suppose 5*x = 5*m + 3*x - 177, 3*m - 5*x - 110 = 0. Suppose m - 110 = -5*j. Calculate the remainder when 30 is divided by j.
0
Let z(u) = 12*u**2 - 86*u + 11. Suppose -5*s + 47 = 4*t, -5*s = -4*t + 24 - 7. What is the remainder when 269 is divided by z(t)?
87
Let j(f) = 58*f - 291. Let x(v) = -v**3 + 7*v**2 - v + 1. What is the remainder when j(6) is divided by x(6)?
26
Let y(f) be the first derivative of 13*f**2 - 64*f + 160. Suppose 2*z = 4*m + 78, -3*m - 90 = -4*z + 46. Calculate the remainder when y(6) is divided by z.
30
Let u(i) = 5*i**2 + 9*i + 10. Let a(z) = 14*z**2 + 27*z + 30. Let t(j) = -4*a(j) + 11*u(j). Calculate the remainder when 24 is divided by t(-6).
0
Let c = -35 - -13. Let f = 9 + c. Let i = f - -27. Calculate the remainder when 82 is divided by i.
12
Suppose 19*x - 90 = x. What is the remainder when 139 is divided by x?
4
Suppose -4*o + 1116 = 206*i - 205*i, -6*o + 1700 = -5*i. Calculate the remainder when o is divided by 103.
74
Suppose -37*b - a + 4532 = -36*b, 5*b - 5*a - 22670 = 0. What is the remainder when b is divided by 36?
33
Let d(m) = -3*m - 38. Let i(p) = -2*p - 37. Let o(c) = 3*d(c) - 2*i(c). Calculate the remainder when 16 is divided by o(-10).
6
Let b = 53 + -50. What is the remainder when (-54 - 0)*(30/(-9) + b) is divided by 5?
3
Suppose -10*t + 5*t + 5*x = -3690, 2*t + 4*x - 1422 = 0. What is the remainder when t is divided by 206?
111
Suppose 23*o + 60 = 29*o. Suppose -x = -o*x + 36. Let b(l) = 7*l - 17. What is the remainder when 75 is divided by b(x)?
9
Suppose 0 = -2*s - 15*s + 867. Suppose 9 - s = -6*x. Calculate the remainder when 11 is divided by x.
4
Suppose -23*w + 3163 = -7*w - 1541. What is the remainder when w is divided by 293?
1
Let s be (-1825)/((-15)/(-3)) - 2. Let b = s - -379. What is the remainder when 94 is divided by b?
10
Let h be 16/(-56) - 16/(-7). Suppose -50 = 61*y - 63*y. Calculate the remainder when (99 - 1)*(h + -1) is divided by y.
23
Calculate the remainder when (-132)/(-308) + (-54024)/112*(-2)/3 is divided by 23.
0
Let y(z) = 99*z**2 - 15*z + 2. Let m be y(-2). Let s = m + -368. Calculate the remainder when s is divided by 24.
12
Suppose -4*n + 30 = -50. Let s = -147 - -140. Let r = s + 15. What is the remainder when n is divided by r?
4
Suppose 0 = -x + 4*o + 1821, 5*x = -110*o + 115*o + 9015. What is the remainder when x is divided by 297?
15
Let c = -652 - -652. Let z be (-1)/((-158)/156 + 1). Suppose c = 4*n - z - 2. Calculate the remainder when 39 is divided by n.
19
Suppose 0 = 13*x + 11*x - 20*x. Let j(z) be the third derivative of -z**4/12 + 3*z**3/2 + 32*z**2. Calculate the remainder when 114 is divided by j(x).
6
Let a = -355 - -366. Calculate the remainder when 230 is divided by a.
10
Suppose -s - 128 = -4*w - 654, -2*s - 4*w = -1100. Calculate the remainder when s is divided by 141.
119
Let k be 3*3/(-36)*-4. Let i(y) be the second derivative of y**4/3 - y**3/2 + y**2 - 17*y. Calculate the remainder when 14 is divided by i(k).
2
Suppose 141*t - 9165 = 46530. Calculate the remainder when t is divided by 48.
11
What is the remainder when 2482 is divided by -27 - (13 + -255 - -24)?
190
Suppose -8*k + 648 = -2*k. Calculate the remainder when 49 is divided by (3/(k/(-9)))/((-2)/16).
1
Suppose 0 = -21*i + 1160 + 3817. Calculate the remainder when i is divided by 18.
3
Let v = -18684 + 18681. Suppose 4*b + 3*g - 36 = 64, -3*b = 5*g - 64. What is the remainder when 22 is divided by (b/35)/(v*(-2)/30)?
2
Suppose -24 = 5*m - 119. Let v = -342 - -363. Let k = 30 + v. Calculate the remainder when k is divided by m.
13
Let t(a) = 5*a**2 + 42*a - 576. What is the remainder when t(11) is divided by 71?
65
Suppose 6*g + 7008 - 672 = 0. Let n = g + 1073. Calculate the remainder when 52 - -1 - 2 - 1 is divided by n.
16
Let k(s) = -12*s - 1. Let i be k(-4). Let f = i + -42. Suppose -f*h - 5*y + 40 = 0, -h = 3*h - y - 57. What is the remainder when 23 is divided by h?
10
Let t = -10422 + 10463. Calculate the remainder when 1657 is divided by t.
17
Let v = -44530 + 63824. Calculate the remainder when v is divided by 12.
10
Let k be ((-25)/(-10) - 1)*-164. Let g = -212 - k. Calculate the remainder when g is divided by 20.
14
Let l(h) = h**3 - 6*h**2 + 4*h + 16. Suppose -45 = -9*p - 0*p. Suppose 6*d + 6 = 7*d. Calculate the remainder when l(p) is divided by d.
5
Suppose 4*i + 1100 = 5*r, -723*r + 728*r - 1125 = -i. What is the remainder when r is divided by 38?
34
Suppose -13*x - 43*x = -336. Calculate the remainder when ((-30)/(-9))/((-2)/(-6)) is divided by x.
4
Let o = -162 - -418. Let q = -4286 - -4329. What is the remainder when o is divided by q?
41
Let b(i) = i**3 + 3*i**2 - i + 16. Let l be b(-4). Suppose 2*z - 63 = -3*y, l*y - 25 = -y. Calculate the remainder when 63 is divided by z.
15
Let q(j) = 2*j - 4. Let w(n) = -n**3 - 26*n**2 - 47*n + 14. Let b be w(-24). Let r be q(b). What is the remainder when 119 is divided by -3 + (19 - r/6)?
19
Let h(w) = 3*w**2 + 1. Let o(c) = -8*c**2 + 24*c - 54. Let u(f) = 3*h(f) + o(f). Calculate the remainder when u(-29) is divided by 48.
46
Suppose 2162 = 3*r - 5*l, -4*r = -2*r + 4*l - 1456. Suppose 121 = 5*f + 4*g, 9*f = 6*f + 2*g + 77. What is the remainder when r is divided by f?
24
Let t = -1576 + 1602. What is the remainder when 141 is divided by t?
11
Suppose 680*v - 9 = 677*v. Suppose 0 = n, 478 = -p + v*p + 2*n. Calculate the remainder when p is divided by 49.
43
Let p(k) = -4383*k**2 + 2195*k**2 + 2191*k**2 - 11 - 10*k. What is the remainder when 114 is divided by p(-3)?
22
Suppose -5*c + 365 = 95. Suppose 2*g + 954 = 976. What is the remainder when c is divided by g?
10
Suppose 11 = 4*m - n, 3*m - 7*m + 4*n = -8. Suppose u = 4*c + 12, -23*u + m*c + 113 = -19*u. What is the remainder when 50 is divided by u?
18
Let q be ((-198)/(-132))/((-3)/(-2)). What is the remainder when (-207)/(-138)*(14/q - 2) is divided by 12?
6
Suppose 0 = 21*t - 797 - 4075. Let w = 273 - t. Calculate the remainder when 241 is divided by w.
36
Suppose 2*v + 4*k - 4 = -32, -3*v - 2*k - 22 = 0. Calculate the remainder when (-6)/24 - 245/v*1 is divided by 12.
1
Let w(v)